 393 + 75, -4*h + 407 = a. Let i = -98 + h. Suppose -5*v + 645 = -i*y + 70, 4*v - 487 = -3*y. What is the hundreds digit of v?
1
Let k(i) = -i**2 + 15*i + 3. Let p be k(15). Let y = p + 16. Suppose -y*u - 144 = -22*u. What is the tens digit of u?
4
Let q(z) = -z**3 + 7*z**2 + 8*z + 8. Let c be q(8). Let i(d) = -14 - 9 + 27*d - 3 - 5. What is the units digit of i(c)?
5
Let v = -43 - -45. Suppose 0*y - 26 = -v*y. Suppose -d - 3*j = -28 - y, -4*j = 4*d - 172. What is the units digit of d?
4
Let b be 12831/28 + ((-2)/8 - 0). Suppose 5*f + b = 2*z - 543, 0 = -f + 3. Suppose 68 = -4*s + z. What is the hundreds digit of s?
1
Let u(d) be the first derivative of 61*d**2/2 + 56*d - 299. What is the thousands digit of u(30)?
1
Suppose -24 = l + 4*h, -3*h + 5 = -3*l - 2*l. Let k be (84/(-35))/(l/70). Let q = -23 + k. What is the tens digit of q?
1
Suppose -p - 3*k + 4 = -2*k, -5*k = 20. Let i = -50 + 74. What is the tens digit of p/(-6)*i/(-3 - -1)?
1
Suppose 2*t + 5*p = 126, -2*t = 3*t - 3*p - 315. Suppose -4*o - t = 121. Let x = o + 90. What is the tens digit of x?
4
Let w(i) = 111*i**3 - 8*i**2 + 15*i - 9. Let v = 272 + -270. What is the units digit of w(v)?
7
Let d = -137 - -239. Let c = -72 + d. What is the units digit of c?
0
Let i(k) = -k**3 + 4*k**2 + 11*k + 11. Let p be i(-6). Suppose -l - 2*q = -154, p = 2*l - 2*q - 3. What is the units digit of l?
4
Suppose 17*w - 25116 = -10037. Let j = 1396 - w. What is the units digit of j?
9
Suppose 1479 + 75 = -7*g. Let o = 651 + g. What is the hundreds digit of o?
4
Let y(s) = 2*s - 2 - 4*s**2 - 7 + 16*s**2 - 14. What is the tens digit of y(4)?
7
What is the units digit of ((-33)/45 + (-20)/(-15))/((-1)/(-25865))?
9
Suppose 12*h - 1021 = 23. Let p be h + (14 + -13)/((-2)/(-4)). Let n = p + -74. What is the units digit of n?
5
Let h = 445 + -724. Let u = h + 480. What is the hundreds digit of u?
2
Let i(r) = 5*r**3 + 12*r**2 - 67*r - 88. What is the tens digit of i(11)?
8
Suppose 3919 = 3*j - 320. Suppose -2*u - 1059 - j = 0. What is the tens digit of (-5)/(70/4) - u/14?
8
Let k = -15 - -11. Let p be 2 - k/(12/9). Suppose -4*z + 283 = p*n, 0*z - n - 64 = -z. What is the tens digit of z?
6
Let k(r) = 1419*r**2 + 6*r + 5. Let y = 230 + -231. What is the units digit of k(y)?
8
Let k(r) = -r**3 - 16*r**2 - 42*r - 8. Let p be 27/(-6)*((-6)/9 - -2). Let s be (p/(-10) + -1)/((-1)/(-35)). What is the units digit of k(s)?
8
Let h(b) be the first derivative of 2*b**2 - 12*b + 1/3*b**3 + 26. What is the hundreds digit of h(11)?
1
Let c = -11595 + 21865. Suppose u - 3294 + c = 5*p, 3*u + 2793 = 2*p. What is the units digit of p?
5
Let g = 55 - 47. Suppose 0 = 4*u + 5*b + 20, 4*u - 2*b = u + g. Suppose -m - 11 + 92 = u. What is the tens digit of m?
8
Suppose 72*m - 76*m + 4*a + 103568 = 0, m + 4*a = 25922. What is the units digit of m?
8
Suppose 4*m - 51448 + 17021 = -3*z, 8578 = m - 5*z. What is the tens digit of m?
0
Suppose 2*i - 4*o - 62 = 0, -3*i + 2 = 4*o - 101. Suppose 36*d - i*d = 0. What is the units digit of d + 3*38 - (1 - 1)?
4
Suppose 415744 = -3*q + 14*q + 21*q. What is the units digit of q?
2
What is the tens digit of (-1)/(8/(-35498)) - (-509)/(-2036)?
3
Let m = 46 - 44. Suppose 0 = -3*p + 2*p + m. Suppose -4*x + p = -150. What is the units digit of x?
8
Let b(w) = -w**3 + w. Let l(n) = 2*n**3 + 14*n**2 - 3*n - 8. Let t(o) = -3*b(o) - l(o). Let p be t(14). What is the units digit of -5 - 364/(-16) - (-2)/p?
8
Suppose 0 = l - 4*n - 18042, 60*n = 55*n + 15. What is the thousands digit of l?
8
Suppose 271*y = 260*y + 39424. What is the thousands digit of y?
3
Let h = 81284 + -30530. What is the units digit of h?
4
Suppose -2*g = -4 - 14. Let c(f) = 48*f + 20. Let v be c(g). Let k = v - 310. What is the tens digit of k?
4
Let r(q) = -16*q + 3613. What is the units digit of r(90)?
3
Suppose 4*f - 48 = -v - 3*v, 4*f - 46 = -5*v. Let c = -1656 + 1664. Let b = f - c. What is the units digit of b?
6
What is the hundreds digit of 6359 - (3 - (-187)/(-11))?
3
Let m be 1/4 + (5 - (-6342)/8). Suppose 4*t = 0, 55*s - 5*t = 56*s - m. What is the tens digit of s?
9
Suppose -55*c + 57*c = 170. Let i be (c/(-25) - -3)*-10. What is the tens digit of -3*i*32/(-12)?
3
Suppose -6*j - 2*b + 10 = -5*j, -10 = -j - b. Suppose 52*a - j*a = 5670. What is the tens digit of a?
3
Suppose k = -9*s + 265804, 5*s + 7*k - 147651 = 9*k. What is the tens digit of s?
3
Suppose 0 = -5*m - 5*q - 10, 7*m - 3*m = 2*q + 16. Suppose -3*c = 4*u - 3*u - 79, -m*c = -3*u + 215. Suppose -175 = -3*y - u. What is the units digit of y?
4
Let o(z) = 9*z + 12. Let g be o(5). Let c = -310 + g. Let i = c - -405. What is the units digit of i?
2
Let f = 108 - 105. Suppose -5*c = -18 + f. Suppose 7*s - 123 = c. What is the tens digit of s?
1
Suppose 5*c + 4*g = -3 + 9, -c = 2*g. Suppose 5*p - 2*p - 4*q = 17, c*q - 2 = 0. What is the units digit of ((p + -5)*47/(-1))/(-2)?
7
Suppose 2*u = -3*u + 620. Let n = 7221 + -7328. Let h = n + u. What is the tens digit of h?
1
What is the tens digit of 33623 + (7 - 17)*-1 + -1 + -3?
2
Let h = -21 - -22. Suppose -r + 4 = -0, -r = -k - h. Suppose 5*o + 0*o + k*m - 340 = 0, 3*m + 157 = 2*o. What is the tens digit of o?
7
Let d be 10 + -1 + -5 - 4. Suppose 4*u = 3*b + 474, b = 5*u - 803 + 205. Suppose -x - 4*x + u = d. What is the units digit of x?
4
Suppose -154 = 2*d - 4*d - 4*a, -3*d + a = -259. Let t = 933 - d. What is the units digit of t?
8
Let q be (1 - 93)/(7/(-21)*3). Let d = q - 7. What is the units digit of d?
5
Suppose 0*z = 13*z - 50037. What is the hundreds digit of z?
8
Suppose -4*a + 11 - 6 = -o, 25 = 5*o + 5*a. Suppose n + 3*c = 113 + 59, n = o*c + 178. What is the tens digit of n?
7
Suppose 343*b + 107312 = 419*b. What is the thousands digit of b?
1
Let m = -59 + 95. Let z = 40 - m. Suppose 4*d - 660 = 4*c, 1 = -3*c + z. What is the hundreds digit of d?
1
Suppose -129*n = -2*k - 124*n + 4246, 0 = 4*k - 4*n - 8468. What is the thousands digit of k?
2
Let w(m) = 2*m**2 - 30*m + 11. Let d be w(15). What is the hundreds digit of 1096/2*d/132*3?
1
Let a = -44194 + 102478. What is the ten thousands digit of a?
5
Let h = 140423 + -82886. What is the units digit of h?
7
Let r = 12813 - 7208. What is the hundreds digit of r?
6
Let k be 7 - (0 + (2 - 0)). Let a be k + 63 + (-16)/(-4). Let x = 108 - a. What is the tens digit of x?
3
Let w(j) = j**3 - 15*j**2 - 2*j + 41. Suppose 5*o = -2*z - 3*z + 220, -4*z = 3*o - 136. Let s be (5/2 + 0)*256/o. What is the tens digit of w(s)?
6
Suppose 11*a - 12*a = -5*z + 34380, -3*z = -a - 20626. What is the hundreds digit of z?
8
Let b(a) = 3*a**2 - a - 29. Let w be (-4)/1 - (-1)/2*20. What is the units digit of b(w)?
3
Suppose 0 = -87*p + 26*p - 5734. Suppose -5*k - 290 + 1100 = 0. Let a = k + p. What is the tens digit of a?
6
Let o(r) = -9*r - 23. Let i be o(-6). Suppose i*n - 2144 = -n. What is the units digit of n?
7
Let j = 10278 + -2054. Suppose j = 3*f + 13*f. What is the hundreds digit of f?
5
Let j(o) = 1097*o**2 + 9*o + 28. What is the thousands digit of j(-4)?
7
Let y = 69 - -207. Let w = 476 - y. What is the hundreds digit of w?
2
Let k = -16394 + 21441. What is the thousands digit of k?
5
Suppose 89*d - 163*d = -44*d - 119220. What is the units digit of d?
4
Let t(b) = 2*b**2 - 94*b - 48. Let p be t(45). Let a = 145 - p. What is the tens digit of a?
7
Let x be (-6652)/6*-1 + 15/45. Let p = -177 + x. What is the units digit of p/10 - 3/15?
3
Let z be (21 - 1489)*(-1)/4. Let a = -236 + z. What is the units digit of a?
1
Suppose -k = 5*z + 10, -z - 2 = -2*k - 0*z. Let u(a) = a**3 + a**2 + a + 74. Let x be u(k). Let i = x + -70. What is the units digit of i?
4
Suppose -5*c = -j + 19, -2*j + 5*c = -5*j - 3. Let h(x) = 2*x**3 - 3*x. Let f be h(j). Suppose 3*t - f = 166. What is the units digit of t?
4
What is the units digit of -2 + 2407 + (26 - 30)?
1
Let i = 299 - 291. Let q(n) = 9*n**2 - 18*n + 1. What is the units digit of q(i)?
3
Let m be 0/((2 - -1)*5/(-15)). Suppose -6*p + 13*p = m. Suppose p = g + 30 - 107. What is the units digit of g?
7
Let t(h) = 16*h**2 - 7*h - 3. Let r be (-12)/60 + 58/(-10). Let v(x) = -31*x**2 + 13*x + 5. Let z(g) = r*v(g) - 11*t(g). What is the tens digit of z(-3)?
9
Let x = -884 - -1470. Let j = -328 + x. Suppose -13*y = -12*y - j. What 